19
Let o = -878 + 874. Let t(z) = -24*z**3 + z**2 - 9*z - 1. List the prime factors of t(o).
3, 23
Let r(s) = 5*s + 142. Let y be r(-28). Suppose 5*t - 2474 = -y*j + 2767, -t = j - 1050. List the prime factors of t.
3, 349
Suppose 2*z - 5*z + 144 = 0. Let a(k) = -5*k**3 + k**2 + k - 1. Let x be a(-2). Let r = z - x. List the prime factors of r.
7
Let v(x) = 23*x**2 + 9. Let u = 30 + -27. List the prime factors of v(u).
2, 3
List the prime factors of (7 + -338)/((-4)/36).
3, 331
Let y(a) = 2*a**3 - 8*a**2 - 17*a + 73. Let i be y(4). Let s = 108 + 245. Suppose -s = -2*b + 5*q, -b = -i*q - 199 + 10. List the prime factors of b.
2, 41
Suppose 4*p + 4*c - 87 = -535, 4*c = -2*p - 226. Let v = p - -232. What are the prime factors of v?
11
Let c(q) = 5113*q - 4233. What are the prime factors of c(18)?
3, 7, 37, 113
Suppose -55*z + 61154 = -53*z. What are the prime factors of z?
30577
Let w(z) = -22*z**3 - z**2 - 7*z + 8. Let t(u) = u**3 + 7*u**2 + 3*u + 23. Let b be t(-7). Let f be w(b). Let x = 446 + f. What are the prime factors of x?
2, 5, 13
Suppose 0*d + 3*d = 5*c + 155, d - 33 = c. Let b be (48/(-4)*c)/(3/(-2)). List the prime factors of (b/(-84))/(-3*(-4)/198).
2, 11
Suppose -6*d + 10*d + 20 = 0. Let c = 8 + d. List the prime factors of (2 + -8 + c)*-7.
3, 7
Suppose -11278865 = -284*y + 2701887. What are the prime factors of y?
2, 31, 397
Let o(l) = 30*l**3 + 62*l**2 - 306*l + 18. What are the prime factors of o(11)?
2, 103, 107
Let v be 1 + -3 + 1 - (51 - 7866). Suppose 7*h - 362 = v. What are the prime factors of h?
2, 73
Let c(s) = -s**3 - 15*s**2 - 17*s - 1. Let x be c(-12). Let l = x - -739. List the prime factors of l.
2, 3, 5, 17
Let c(j) = j**2 + 14*j - 174. Let n be c(-22). Suppose -n*p - 9*p = -5423. What are the prime factors of p?
17, 29
Suppose -3*s = -2*s - 5*z - 58, 0 = 2*s - 3*z - 102. Let d = 32 - s. List the prime factors of (-12 - d) + 128*1.
2, 3, 11
Let d(v) = -3441*v + 213. What are the prime factors of d(-12)?
3, 5, 2767
What are the prime factors of (-4)/10 + 163708/20?
5, 1637
Suppose -c - 9 = 2*j, -22*j - 17 = 3*c - 26*j. What are the prime factors of (-1)/c + (-22698)/(-21)?
23, 47
Let q(x) = x**3 + 39*x**2 + 28*x - 113. Let s be q(-35). Suppose -s = -3*o - 3*k, -2*o = 3*k - 2651 + 116. What are the prime factors of o?
2, 3, 53
List the prime factors of (-895)/3*(-4896)/480.
17, 179
Let f(k) = k**3 + 5*k**2 - k + 11. Let y be f(-5). Suppose 3*m + 5*m = y. Suppose m*t + 4*d = 5*d + 148, 348 = 5*t + 3*d. List the prime factors of t.
2, 3
Suppose 0 = -2*g - 2*w + 18, 17*g + 24 = 21*g - 2*w. Let p(c) be the second derivative of c**3/3 + 25*c**2/2 + 8*c. List the prime factors of p(g).
3, 13
Suppose -5*k + 12 = 2. Suppose 26 = k*m - z, 8 = -2*m - 2*z + 34. Suppose -m*w + 990 = -8*w. List the prime factors of w.
2, 3, 11
Let n = 190 + -192. List the prime factors of n/(-5) - 6111/(-35).
5, 7
Let v(d) = -11*d**3 + 2*d**2 - 5*d - 6. Let j(b) = b**3 - 3*b**2 - 9*b - 7. Let g be j(5). List the prime factors of v(g).
2, 5
Let c be (-3)/(2 - 1/2). Let a be (1/2)/(c/(-252)). Let z = 5 + a. What are the prime factors of z?
2, 17
Let m(d) = d**2 + 6*d + 4. Let l be m(-6). Suppose 10400 + 11392 = -39*z + 2214. What are the prime factors of z*(-9)/(-12)*l/(-6)?
251
Let m(s) = 31*s - 46. Let y(t) = -153*t + 229. Let l(r) = -11*m(r) - 2*y(r). What are the prime factors of l(-9)?
3, 11
Let m = -15 + 54. Let n = m + -27. What are the prime factors of (n/(-8))/((-6)/520)?
2, 5, 13
Let t be -1 - (8/10)/((-2)/115). Suppose 30*m = 35*m + t. What are the prime factors of (-3)/(m/456) + (-18)/(-9)?
2, 7, 11
Let l(b) = -4336*b + 8990. List the prime factors of l(-4).
2, 3, 7, 11, 19
What are the prime factors of (-14)/12*(-2 - 2904)*(24 + -21)?
7, 1453
Let d = -33 - -28. Let p be 6*d*(-2)/30. Suppose p*o - 670 = -8*o. List the prime factors of o.
67
Let z = 3864 + 41313. What are the prime factors of z?
3, 11, 37
List the prime factors of (-3024 - 12)*(-63)/14.
2, 3, 11, 23
Suppose -3*f + 4*v = -60, -v = 2*v. Let p be (3 + (-13)/4)/(4/(-496)). Let r = p - f. List the prime factors of r.
11
Suppose 8087 = -4*y - x + 66208, -5*x + 5 = 0. List the prime factors of y.
2, 5, 1453
Let g = 11546 + -6566. What are the prime factors of g?
2, 3, 5, 83
Suppose 8*f = 10*f - 104. Suppose -f*j = -65*j + 24362. What are the prime factors of j?
2, 937
Let g = -882 - -1474. Let k = -377 + g. Suppose -5*x + k = 2*c, c + 20 = 5*c. List the prime factors of x.
41
Suppose 4*q + 4*a = 52608, 26269 = 2*q + 493*a - 496*a. List the prime factors of q.
5, 11, 239
Suppose 30*c - 12 = 26*c. Suppose -3*x - c*x = -1170. What are the prime factors of x?
3, 5, 13
Suppose -45*d + 44100 = -41*d + 2*r, 4*r + 22070 = 2*d. List the prime factors of d.
11027
Suppose -1206711 = -21*q - 81467 + 8273. What are the prime factors of q?
7, 11, 701
Suppose h + 120 = -9*h. Let u(l) = -l**3 - 11*l**2 + 7*l + 40. What are the prime factors of u(h)?
2, 5
Suppose y = d - 5*d + 21, 6 = 4*d - 2*y. Suppose -d*g - 557 = -3*m, -2*m + 5*m - g - 542 = 0. What are the prime factors of m?
179
Suppose 0*o - o - 17 = -5*z, -2 = o. Suppose -24*l + 25*l = 82. Suppose 4*d = -6*q + 2*q + 168, 2*d = -z*q + l. What are the prime factors of d?
2, 11
Let q(n) = 3*n**2 - 21*n - 13. Let u be q(-9). Suppose -2*g + 6*o = 2*o + 528, 4*o - 20 = 0. Let m = u + g. List the prime factors of m.
3, 5, 11
What are the prime factors of 90/(-36)*6 + 6428?
11, 53
Let l(k) = -301*k**2 - 3*k - 8. Let z(j) = 302*j**2 + 2*j + 10. Let r(y) = -3*l(y) - 2*z(y). List the prime factors of r(-1).
2, 149
Let f(i) = -99*i + 386. Let y be f(17). List the prime factors of 8 + -4 - (-4 + y).
3, 5, 29
Let i = -500 + 766. What are the prime factors of (i/(-4))/(-7)*16?
2, 19
Suppose 4*h - 1249 = -i, 5*h - 23*i + 25*i - 1559 = 0. List the prime factors of h/(-4)*-4*4.
2, 313
Let s = 136 - 134. Suppose 6 = s*t, 2*p - 2 = 3*t + 185. What are the prime factors of p?
2, 7
Let j = 18023 - -9402. List the prime factors of j.
5, 1097
Let t = -9330 + 14102. What are the prime factors of t?
2, 1193
Suppose -155*x = -162*x + 84. Suppose -x*q + 7726 = 394. What are the prime factors of q?
13, 47
Suppose 151251 - 15891 = 40*c. What are the prime factors of 3/(9/c*8)?
3, 47
Suppose -5*w - 3*k = -134, -4*k - 64 = -50*w + 48*w. Suppose -33*d + 7520 = -w*d. What are the prime factors of d?
2, 47
Let p(k) = 6*k + 25. Suppose -3*d = 2*d. Suppose 2*u - 4*b = d, 4*u - 5*b + b = 20. List the prime factors of p(u).
5, 17
Suppose -r + 10*r = 405. What are the prime factors of (-2)/(-15) - (-26319)/r?
3, 5, 13
Let a(h) be the first derivative of h**3/3 - 17*h**2 + 109*h - 12. What are the prime factors of a(44)?
3, 61
Let h be (-1 - (0 - -3 - 2))/(-1). Let w be h + ((-4)/(-8) - 0)*0. List the prime factors of ((-522)/w)/(2/(28/(-21))).
2, 3, 29
Suppose -50208*i + 65048 = -50200*i. What are the prime factors of i?
47, 173
Let q(y) = -5*y**2 - 19*y + 6. Let o be q(-5). Let p = -23 - o. List the prime factors of p - (-113 + -6 + 4).
2, 29
What are the prime factors of (-2)/((-2)/4*(-944)/(-21540900))?
3, 5, 1217
Let s(c) be the first derivative of -3/4*c**4 + 1/3*c**3 - 7 - 3/2*c**2 + 6*c. List the prime factors of s(-3).
3, 5, 7
Suppose -15*q - 99 - 171 = 0. List the prime factors of 2/(1656/(-5894) - q/63).
421
Suppose -8*t + 102 = -5*t. Let j = -30 + t. Suppose 2*f = 2*d - 0*f - 22, 12 = -j*f. What are the prime factors of d?
2
Let r = 106 + -16. Suppose 14*m = 8*m - r. What are the prime factors of (12/m)/((-3)/195)?
2, 13
What are the prime factors of (484668/216)/((-9)/(-54))?
13463
Suppose -271*v + 4920279 = 29*v - 3676521. List the prime factors of v.
2, 3, 199
Suppose -17428 = -22*k + 193244. List the prime factors of k.
2, 3, 7, 19
Let o = 373 - 315. Suppose t - a + o - 608 = 0, -4*a = t - 555. List the prime factors of t.
19, 29
Let s(j) = 3*j**2 + 28*j + 43. Let i be s(-10). Suppose 6*y + 148 = 2*y. Let c = y + i. List the prime factors of c.
2, 13
List the prime factors of (-7)/((85/(-1420))/17).
2, 7, 71
Let f(j) = 5*j**2 - 15*j + 139. What are the prime factors of f(34)?
3, 601
Let j be ((-2 - -3) + 4)/1. Suppose -j*p = 3*t + 2*t - 350, 185 = 3*p - 2*t. List the prime factors of 0 - (1 - 1 - p).
5, 13
Suppose -7 = -2*i - 3*z + 7, -4*z - 8 = -4*i. Let l